{"id":2971,"date":"2024-10-01T18:12:49","date_gmt":"2024-10-01T16:12:49","guid":{"rendered":"https:\/\/naciodigital.volcanicvalley.com\/tiana\/pregunta-rapida\/cuanto-se-ingresa-con-la-tasa-de-terrazas\/"},"modified":"2025-03-19T17:22:59","modified_gmt":"2025-03-19T15:22:59","slug":"cuanto-se-ingresa-con-la-tasa-de-terrazas","status":"publish","type":"pregunta-rapida","link":"https:\/\/govern.tiana.cat\/es\/pregunta-rapida\/cuanto-se-ingresa-con-la-tasa-de-terrazas\/","title":{"rendered":"\u00bfCu\u00e1nto se ingresa con la tasa de terrazas?"},"content":{"rendered":"\n<p>El presupuesto prev\u00e9 <mark style=\"background-color:rgba(0, 0, 0, 0)\" class=\"has-inline-color has-power-blue-color\">10.000<\/mark> euros en ingresos de la tasa por ocupaci\u00f3n de la v\u00eda p\u00fablica con terrazas, en 2023, un 57,6% m\u00e1s que el a\u00f1o anterior.<\/p>\n","protected":false},"featured_media":0,"parent":0,"template":"","class_list":["post-2971","pregunta-rapida","type-pregunta-rapida","status-publish","hentry"],"acf":[],"_links":{"self":[{"href":"https:\/\/govern.tiana.cat\/es\/wp-json\/wp\/v2\/pregunta-rapida\/2971"}],"collection":[{"href":"https:\/\/govern.tiana.cat\/es\/wp-json\/wp\/v2\/pregunta-rapida"}],"about":[{"href":"https:\/\/govern.tiana.cat\/es\/wp-json\/wp\/v2\/types\/pregunta-rapida"}],"wp:attachment":[{"href":"https:\/\/govern.tiana.cat\/es\/wp-json\/wp\/v2\/media?parent=2971"}],"curies":[{"name":"wp","href":"https:\/\/api.w.org\/{rel}","templated":true}]}}

¿Cuánto se ingresa con la tasa de terrazas?

<p>El presupuesto prevé <mark style="background-color:rgba(0, 0, 0, 0)" class="has-inline-color has-power-blue-color">10.000</mark> euros en ingresos de la tasa por ocupación de la vía pública con terrazas, en 2023, un 57,6% más que el año anterior.</p>
